-2003
In base 16, what is 7f + -5?
7a
In base 5, what is 0 + 1224?
1224
In base 10, what is -4 + -71?
-75
In base 4, what is 2 - -1213?
1221
In base 10, what is 20 + 17?
37
In base 2, what is 1000000 - -10101?
1010101
In base 8, what is 147117 - -3?
147122
In base 6, what is 1 - -11034?
11035
In base 13, what is 19 - -664?
680
In base 4, what is 2 + 1331?
1333
In base 13, what is 65 + 22?
87
In base 7, what is 33665 - 4?
33661
In base 9, what is -1 + -27?
-28
In base 14, what is -4 + 15c8?
15c4
In base 5, what is 30 - 10?
20
In base 9, what is 2802 + 2?
2804
In base 8, what is -1212 - -14?
-1176
In base 7, what is 4 + -54?
-50
In base 7, what is -44 + 24?
-20
In base 14, what is -3 + -33?
-36
In base 7, what is 5 - 10?
-2
In base 10, what is -12 + 827?
815
In base 13, what is 196 + -30?
166
In base 13, what is 22 + 2?
24
In base 13, what is -5 + 56?
51
In base 9, what is -18 + 285?
266
In base 11, what is -18 + -41?
-59
In base 7, what is 3 - -66?
102
In base 4, what is -20002 - -11?
-13331
In base 5, what is -1131 + 1?
-1130
In base 6, what is 2025 - -135?
2204
In base 6, what is 1303 - -51?
1354
In base 16, what is c4 - -14?
d8
In base 7, what is 124 - -2?
126
In base 14, what is 7 - 61?
-58
In base 13, what is c - 10?
-1
In base 2, what is 1001 - 11000000?
-10110111
In base 13, what is 49 + -3?
46
In base 7, what is 6130 - 4?
6123
In base 2, what is 111001 + 1100101?
10011110
In base 8, what is -4761 - 2?
-4763
In base 11, what is 72 + -51?
21
In base 9, what is -4 - -8?
4
In base 16, what is 18 - -1?
19
In base 9, what is -246 + 0?
-246
In base 12, what is -4 + 49?
45
In base 13, what is c - 14b?
-13c
In base 4, what is -3 + -1010?
-1013
In base 2, what is -1 + -10001001?
-10001010
In base 14, what is -2 - -d0?
cc
In base 4, what is -100302 + 2?
-100300
In base 8, what is -12 - 3?
-15
In base 16, what is 33 + d?
40
In base 9, what is -2 + -1111?
-1113
In base 13, what is -1 - 11c8?
-11c9
In base 14, what is -1d + 5?
-18
In base 5, what is -10 + 22101?
22041
In base 7, what is 1 - 52?
-51
In base 3, what is 0 + 10021200?
10021200
In base 2, what is 0 - -10000011110?
10000011110
In base 6, what is -3 + 12535?
12532
In base 15, what is 1903 - -2?
1905
In base 10, what is -1 - -54?
53
In base 5, what is -10 + 342?
332
In base 13, what is 73 + -4?
6c
In base 3, what is -101 + -212?
-1020
In base 3, what is -12 - 22222002?
-22222021
In base 16, what is 1 - -9f9?
9fa
In base 15, what is -b - 0?
-b
In base 4, what is 20121 - 0?
20121
In base 5, what is 234 - -12?
301
In base 11, what is 2 + -441?
-43a
In base 13, what is c - -a3?
b2
In base 10, what is 2 + -3945?
-3943
In base 8, what is 5 + 107?
114
In base 3, what is 2001120 + -2?
2001111
In base 16, what is -15c + -12?
-16e
In base 9, what is 443 + 18?
462
In base 13, what is -54aa - -5?
-54a5
In base 6, what is -24 + 1420?
1352
In base 7, what is -13 - 16?
-32
In base 16, what is -7 + -33?
-3a
In base 13, what is a + 1?
b
In base 14, what is -8 + -10a?
-114
In base 5, what is -11 + -4342?
-4403
In base 7, what is 3302 - -3?
3305
In base 6, what is 41522 + 3?
41525
In base 10, what is -4 + -4?
-8
In base 6, what is 24 - -11?
35
In base 8, what is 302 - 1?
301
In base 10, what is -22 + -237?
-259
In base 3, what is -102112 + 211?
-101201
In base 11, what is 17 - -1?
18
In base 13, what is -30a2 + 2?
-30a0
In base 7, what is -2 - -30?
25
In base 6, what is 21 - -10?
31
In base 15, what is 2 + 37?
39
In base 7, what is 515 - -2?
520
In base 10, what is 4596 + -4?
4592
In base 13, what is 4 + -74?
-70
In base 10, what is 4 + -359?
-355
In base 5, what is -1 + 133?
132
In base 16, what is -1 - 3f?
-40
In base 8, what is 406 + -1?
405
In base 5, what is -10 + 20?
10
In base 12, what is -1227 - 4?
-122b
In base 14, what is -c1 + -2?
-c3
In base 11, what is -61 + 3?
-59
In base 2, what is 11100011 - -1?
11100100
In base 9, what is -54 - -26?
-27
In base 10, what is -5 + -465?
-470
In base 2, what is -11011 - -111?
-10100
In base 10, what is -1138 + -2?
-1140
In base 13, what is 82 - 19?
66
In base 8, what is -5 + 10211?
10204
In base 10, what is 5551 + 4?
5555
In base 3, what is -1002012 + -10?
-1002022
In base 12, what is 824 - 2?
822
In base 2, what is 1000001 + -101?
111100
In base 11, what is -2 - 19?
-20
In base 15, what is -377 - -1?
-376
In base 2, what is -101010 + 1?
-101001
In base 7, what is 12 + -3241?
-3226
In base 9, what is 0 + -323?
-323
In base 3, what is -102 - 100?
-202
In base 12, what is 0 + 1b1?
1b1
In base 9, what is -3 + 2631?
2627
In base 2, what is 10 - 11001001?
-11000111
In base 8, what is -315 + 157?
-136
In base 3, what is 211 + 210?
1121
In base 15, what is 1c - eb?
-ce
In base 8, what is -546 + -3?
-551
In base 8, what is -2 + 306?
304
In base 5, what is 324 - -14?
343
In base 16, what is 2 + f7?
f9
In base 3, what is -2010221 - 1?
-2010222
In base 7, what is -12 + 412?
400
In base 7, what is 60 - -205?
265
In base 14, what is 1 - 374?
-373
In base 10, what is 3 + 469?
472
In base 8, what is -130 - 0?
-130
In base 9, what is 7 + -2?
5
In base 10, what is 108 + 140?
248
In base 8, what is -1 + 1661?
1660
In base 5, what is 13 + 14?
32
In base 2, what is 0 - -10011111?
10011111
In base 9, what is 73 + 3?
76
In base 14, what is 1d5 + 0?
1d5
In base 5, what is 121 + -11?
110
In base 8, what is 2566 + 10?
2576
In base 12, what is 1a + 37b?
399
In base 4, what is 100 + 100?
200
In base 9, what is -734 + 3?
-731
In base 10, what is 3 + 677?
680
In base 7, what is 1 - -132?
133
In base 15, what is 348 - 2?
346
In base 7, what is -11025 - -5?
-11020
In base 7, what is 1 - -6630?
6631
In base 2, what is -100011 - 1?
-100100
In base 16, what is -23 - 15?
-38
In base 8, what is 4 - -27?
33
In base 7, what is 1343 + -3?
1340
In base 2, what is -10 + -101000?
-101010
In base 9, what is -4 - 4707?
-4712
In base 16, what is -3 + a2?
9f
In base 9, what is -260 + 0?
-260
In base 14, what is 384 - -2?
386
In base 15, what is 5 - -15c6?
15cb
In base 11, what is -3 + -6a?
-72
In base 13, what is -342 - -5?
-33a
In base 7, what is 101 + -16?
52
In base 8, what is 45361 - 4?
45355
In base 5, what is -10301 + 1?
-10300
In base 8, what is 303 + 1?
304
In base 8, what is -346 + 13?
-333
In base 2, what is 11010101000 - 1?
11010100111
In base 6, what is 3421 - -11?
3432
In base 16, what is -46 - -1?
-45
In base 14, what is 10b - 6?
105
In base 8, what is 114 + 1?
115
In base 12, what is -81b + -4?
-823
In base 12, what is -aa - -2b?
-7b
In base 9, what is 645 - 2?
643
In base 6, what is -1321 - 5?
-1330
In base 8, what is 153 + -464?
-311
In base 8, what is 1420 - -1?
1421
In base 13, what is -5 + -26?
-2b
In base 11, what is 9 + -5?
4
In base 9, what is -13302 - -3?
-13288
In base 10, what is -6846 - -1?
-6845
In base 13, what is -9a + 28?
-72
In base 6, what is -25 + 55?
30
In base 9, what is -11 - -13?
2
In base 4, what is -21 - 130?
-211
In base 15, what is -2 - 69?
-6b
In base 7, what is 1111 + 4?
1115
In base 2, what is 11111 - 0?
11111
In base 4, what is 202 - -33?
301
In base 6, what is -13 - -355?
342
In base 16, what is 6a4 + 1?
6a5
In base 13, what is -4 + 6?
2
In base 7, what is 423 - -1?
424
In base 11, what is -30 + 51?
21
In base 2, what is 100011110 + -110?
100011000
In base 4, what is -1 + -10?
-11
In base 12, what is 1 + 16a?
16b
In base 10, what is 0 - 47?
-47
In base 15, what is 5 - -47?
4c
In base 3, what is -12 + -1121?
-1210
In base 15, what is ac + 3?
b0
In base 9, what is 31 - -35?
66
In base 10, what is -7 - 186?
-193
In base 16, what is 1e - -1?
1f
In base 3, what is -21 + -1210?
-2001
In base 6, what is -10 + -32?
-42
In base 5, what is 104 + -11?
43
In base 15, what is 0 - 39?
-39
In base 12, what is -4 + -13?
-17
In base 5, what is 241 - 3?
233
In base 12, what is 1 + -47?
-46
In base 3, what is 12 + 2212?
10001
In base 11, what is 6 - 27?
-21
In base 5, what is -201023 + -2?
-201030
In base 16, what is 0 - 6?
-6
In base 3, what is -1 - 10000212?
-10000220
In base 15, what is 2 - -89?
8b
In base 16, what is -1 + -128?
-129
In base 10, what is -36 - 3?
-39
In base 14, what is 1 + 271?
272
In base 11, what is 300a - 0?
300a
In base 12, what is 4 + b0?
b4
In base 6, what is 23 - -114?
141
In base 3, what is -112021 + -1?
-112022
In base 3, what is 1 - 10002100?
-100